2.
2, 135731
List the prime factors of 25851.
3, 7, 1231
What are the prime factors of 364?
2, 7, 13
List the prime factors of 1880061.
3, 626687
What are the prime factors of 8266172?
2, 47, 43969
List the prime factors of 24190490.
2, 5, 17, 142297
List the prime factors of 594771.
3, 198257
What are the prime factors of 1528946?
2, 17, 193, 233
List the prime factors of 7250181.
3, 2416727
What are the prime factors of 172344?
2, 3, 43, 167
List the prime factors of 67526.
2, 19, 1777
What are the prime factors of 1068503?
19, 56237
List the prime factors of 187899.
3, 62633
List the prime factors of 1345203.
3, 137, 1091
List the prime factors of 1586240.
2, 5, 4957
List the prime factors of 2302951.
7, 43, 1093
What are the prime factors of 77599?
73, 1063
List the prime factors of 197537.
251, 787
What are the prime factors of 584451?
3, 7, 9277
List the prime factors of 1963361.
1063, 1847
List the prime factors of 2184764.
2, 317, 1723
List the prime factors of 17548275.
3, 5, 83, 2819
What are the prime factors of 16433430?
2, 3, 5, 13, 29, 1453
List the prime factors of 2318476.
2, 107, 5417
List the prime factors of 96307.
193, 499
List the prime factors of 5115021.
3, 149, 11443
What are the prime factors of 35781313?
19, 1883227
What are the prime factors of 156416?
2, 13, 47
What are the prime factors of 1762777?
1762777
What are the prime factors of 6243279?
3, 7, 211, 1409
List the prime factors of 19657048.
2, 431, 5701
List the prime factors of 688232.
2, 86029
What are the prime factors of 28472462?
2, 37, 10399
What are the prime factors of 57990?
2, 3, 5, 1933
List the prime factors of 32034729.
3, 2039, 5237
What are the prime factors of 3893805?
3, 5, 28843
List the prime factors of 12605605.
5, 163, 15467
What are the prime factors of 412888?
2, 7, 73, 101
What are the prime factors of 164498?
2, 233, 353
List the prime factors of 643906.
2, 173, 1861
List the prime factors of 17243498.
2, 8621749
What are the prime factors of 234488?
2, 29311
List the prime factors of 3461542.
2, 7, 97, 2549
What are the prime factors of 593081?
593081
List the prime factors of 1993186.
2, 13, 5897
List the prime factors of 307198.
2, 269, 571
List the prime factors of 690482.
2, 13, 26557
What are the prime factors of 127334?
2, 63667
What are the prime factors of 2346481?
19, 123499
What are the prime factors of 4463602?
2, 11, 13, 15607
What are the prime factors of 32716?
2, 8179
List the prime factors of 1213414.
2, 101, 6007
What are the prime factors of 1586572?
2, 13, 2347
What are the prime factors of 5520638?
2, 2760319
What are the prime factors of 542327?
97, 5591
What are the prime factors of 73148?
2, 18287
What are the prime factors of 346937?
233, 1489
List the prime factors of 121978.
2, 71, 859
What are the prime factors of 791306?
2, 31, 12763
What are the prime factors of 136667?
19, 7193
What are the prime factors of 25999?
25999
What are the prime factors of 763538?
2, 17, 1321
List the prime factors of 585415.
5, 191, 613
What are the prime factors of 113907?
3, 43, 883
List the prime factors of 28759445.
5, 11, 13, 19, 29, 73
What are the prime factors of 424057?
37, 73, 157
What are the prime factors of 263559?
3, 87853
List the prime factors of 12678451.
23, 59, 9343
What are the prime factors of 309718?
2, 23, 6733
What are the prime factors of 260467?
260467
List the prime factors of 1035571.
1035571
What are the prime factors of 4384212?
2, 3, 7, 19, 41, 67
What are the prime factors of 469834?
2, 234917
What are the prime factors of 52523?
53, 991
What are the prime factors of 5264065?
5, 1052813
What are the prime factors of 286985?
5, 57397
What are the prime factors of 1558023?
3, 619, 839
What are the prime factors of 990076?
2, 247519
What are the prime factors of 276632?
2, 151, 229
What are the prime factors of 651580?
2, 5, 32579
What are the prime factors of 295765?
5, 149, 397
List the prime factors of 610958.
2, 305479
What are the prime factors of 114324?
2, 3, 7, 1361
What are the prime factors of 2493308?
2, 623327
List the prime factors of 438296.
2, 54787
What are the prime factors of 730784?
2, 41, 557
List the prime factors of 1586155.
5, 29, 10939
What are the prime factors of 6728159?
293, 22963
List the prime factors of 1968343.
13, 19, 613
List the prime factors of 174547.
23, 7589
What are the prime factors of 965430?
2, 3, 5, 17, 631
What are the prime factors of 237429?
3, 23, 31, 37
What are the prime factors of 71876?
2, 7, 17, 151
What are the prime factors of 4853793?
3, 7, 53, 89
List the prime factors of 8398775.
5, 7, 11, 4363
What are the prime factors of 83126?
2, 89, 467
List the prime factors of 280964.
2, 70241
What are the prime factors of 11749406?
2, 43, 136621
List the prime factors of 827412.
2, 3, 19, 191
List the prime factors of 399913.
399913
What are the prime factors of 386465?
5, 37, 2089
List the prime factors of 283382.
2, 11, 1171
What are the prime factors of 516067?
41, 307
List the prime factors of 11917865.
5, 2383573
What are the prime factors of 1340109?
3, 61, 2441
What are the prime factors of 581521?
581521
What are the prime factors of 1729880?
2, 5, 59, 733
What are the prime factors of 1435936?
2, 23, 1951
List the prime factors of 583807.
7, 83401
What are the prime factors of 123624?
2, 3, 17, 101
List the prime factors of 63310.
2, 5, 13, 487
What are the prime factors of 32712922?
2, 11, 1486951
What are the prime factors of 87650?
2, 5, 1753
List the prime factors of 14802745.
5, 109, 157, 173
What are the prime factors of 22061?
13, 1697
What are the prime factors of 666740?
2, 5, 17, 37, 53
List the prime factors of 13951044.
2, 3, 387529
List the prime factors of 57608.
2, 19, 379
List the prime factors of 12467.
7, 13, 137
List the prime factors of 7000141.
17, 31, 37, 359
List the prime factors of 5095016.
2, 636877
List the prime factors of 2410412.
2, 602603
What are the prime factors of 11676287?
7, 911, 1831
What are the prime factors of 3363801?
3, 7, 467
What are the prime factors of 33424?
2, 2089
List the prime factors of 840864.
2, 3, 19, 461
What are the prime factors of 189959?
7, 11, 2467
List the prime factors of 1320092.
2, 401, 823
List the prime factors of 20610077.
743, 27739
List the prime factors of 326729.
13, 41, 613
List the prime factors of 442760.
2, 5, 11069
What are the prime factors of 1072634?
2, 47, 11411
List the prime factors of 2265121.
131, 17291
What are the prime factors of 14487930?
2, 3, 5, 23, 2333
What are the prime factors of 20811296?
2, 11, 59123
What are the prime factors of 14504257?
14504257
What are the prime factors of 264202?
2, 59, 2239
What are the prime factors of 77417?
77417
What are the prime factors of 147798?
2, 3, 7, 17, 23
List the prime factors of 3470791.
31, 103, 1087
List the prime factors of 23069830.
2, 5, 7, 139, 2371
What are the prime factors of 2746498?
2, 1009, 1361
List the prime factors of 718976.
2, 41, 137
What are the prime factors of 2338033?
1381, 1693
List the prime factors of 6427538.
2, 13, 233, 1061
List the prime factors of 14752004.
2, 3688001
What are the prime factors of 88094?
2, 17, 2591
What are the prime factors of 907267?
907267
What are the prime factors of 1947771?
3, 7, 43, 719
What are the prime factors of 255272?
2, 17, 1877
What are the prime factors of 8987281?
2467, 3643
List the prime factors of 281846.
2, 19, 7417
What are the prime factors of 60844?
2, 7, 41, 53
What are the prime factors of 388937?
388937
What are the prime factors of 12738?
2, 3, 11, 193
List the prime factors of 294258.
2, 3, 49043
List the prime factors of 3041917.
3041917
List the prime factors of 537108.
2, 3, 11, 13, 313
List the prime factors of 1235565.
3, 5, 27457
What are the prime factors of 166730?
2, 5, 16673
List the prime factors of 533072.
2, 33317
What are the prime factors of 58620?
2, 3, 5, 977
List the prime factors of 11165236.
2, 19, 107, 1373
What are the prime factors of 101444?
2, 7, 3623
What are the prime factors of 220533?
3, 19, 53, 73
List the prime factors of 13178422.
2, 6589211
List the prime factors of 1056986.
2, 7, 103, 733
What are the prime factors of 2904572?
2, 11, 251, 263
What are the prime factors of 29004590?
2, 5, 383,